{"id":92,"date":"2024-04-09T19:54:36","date_gmt":"2024-04-09T17:54:36","guid":{"rendered":"https:\/\/xodogs.com\/?page_id=92"},"modified":"2024-04-17T15:55:10","modified_gmt":"2024-04-17T13:55:10","slug":"about-us","status":"publish","type":"page","link":"https:\/\/xodogs.com\/index.php\/about-us\/","title":{"rendered":"About us"},"content":{"rendered":"\n<blockquote class=\"wp-block-quote is-layout-flow wp-block-quote-is-layout-flow\">\n<p>XO Dogs is committed to producing the \u2018total dog\u2019.&nbsp; Our Pharaoh Hounds excel in the breed conformation ring, lure coursing, obedience, therapy work, health, and temperament.<\/p>\n<\/blockquote>\n\n\n\n<p>\u00a0\u00a0\u00a0\u00a0\u00a0Our male,\u00a0<strong><a href=\"https:\/\/xodogs.com\/index.php\/kalel\/\" data-type=\"page\" data-id=\"366\">Ch Sovrin Superman SC<\/a><\/strong>\u00a0was #3 Pharaoh Hound in 2000, #1 male in 2001 and 2002, #5 in 2003 with a BIS, multiple group wins and placements.\u00a0 His up and coming young son,\u00a0<strong>XO Spectacular Spectacular<\/strong>\u00a0was also a Top Twenty Pharaoh Hound for 2003.\u00a0 \u00a0<\/p>\n\n\n<div class=\"wp-block-image\">\n<figure class=\"aligncenter size-full\"><img loading=\"lazy\" decoding=\"async\" width=\"720\" height=\"558\" src=\"https:\/\/xodogs.com\/wp-content\/uploads\/2024\/04\/61559_1574608454446_3220326_n.jpg\" alt=\"\" class=\"wp-image-96\" srcset=\"https:\/\/xodogs.com\/wp-content\/uploads\/2024\/04\/61559_1574608454446_3220326_n.jpg 720w, https:\/\/xodogs.com\/wp-content\/uploads\/2024\/04\/61559_1574608454446_3220326_n-300x233.jpg 300w\" sizes=\"(max-width: 720px) 100vw, 720px\" \/><\/figure><\/div>\n\n\n<p>&nbsp;&nbsp;&nbsp;&nbsp;&nbsp;XO Dogs owned both Winners and Reserve Winners Bitch from the Pharaoh Hound Club of America National Specialty in 2002 in a class entry of 26 bitches.&nbsp; We also exhibited the Reserve Winners Dog.<\/p>\n\n\n\n<p>&nbsp;&nbsp;&nbsp;&nbsp;&nbsp;Our girl,&nbsp;<strong>Ch Katobi\u2019s Kryptonite<\/strong>&nbsp;did quite well in 2001 by going BOS Specialty Sweepstakes at only 6 months old, then completed her Champion a few months later at 10 months old at the prestigious Central NJ Hound Show by going Winners, Best of Winners, and BOS for 3 consecutive majors defeating the prior two National Specialty winners and also going Best In Show Sweepstakes.<\/p>\n\n\n<div class=\"wp-block-image\">\n<figure data-wp-context=\"{&quot;uploadedSrc&quot;:&quot;https:\\\/\\\/xodogs.com\\\/wp-content\\\/uploads\\\/2024\\\/04\\\/616084_4745961536291_45042208_o.jpg&quot;,&quot;figureClassNames&quot;:&quot;aligncenter size-large&quot;,&quot;figureStyles&quot;:null,&quot;imgClassNames&quot;:&quot;wp-image-104&quot;,&quot;imgStyles&quot;:null,&quot;targetWidth&quot;:1706,&quot;targetHeight&quot;:1300,&quot;scaleAttr&quot;:false,&quot;ariaLabel&quot;:&quot;Zv\\u011bt\\u0161it obr\\u00e1zek&quot;,&quot;alt&quot;:&quot;&quot;}\" data-wp-interactive=\"core\/image\" class=\"aligncenter size-large wp-lightbox-container\"><img loading=\"lazy\" decoding=\"async\" width=\"1024\" height=\"780\" data-wp-init=\"callbacks.setButtonStyles\" data-wp-on--click=\"actions.showLightbox\" data-wp-on--load=\"callbacks.setButtonStyles\" data-wp-on-window--resize=\"callbacks.setButtonStyles\" src=\"https:\/\/xodogs.com\/wp-content\/uploads\/2024\/04\/616084_4745961536291_45042208_o-1024x780.jpg\" alt=\"\" class=\"wp-image-104\" srcset=\"https:\/\/xodogs.com\/wp-content\/uploads\/2024\/04\/616084_4745961536291_45042208_o-1024x780.jpg 1024w, https:\/\/xodogs.com\/wp-content\/uploads\/2024\/04\/616084_4745961536291_45042208_o-300x229.jpg 300w, https:\/\/xodogs.com\/wp-content\/uploads\/2024\/04\/616084_4745961536291_45042208_o-768x585.jpg 768w, https:\/\/xodogs.com\/wp-content\/uploads\/2024\/04\/616084_4745961536291_45042208_o-1536x1170.jpg 1536w, https:\/\/xodogs.com\/wp-content\/uploads\/2024\/04\/616084_4745961536291_45042208_o.jpg 1706w\" sizes=\"(max-width: 1024px) 100vw, 1024px\" \/><button\n\t\t\tclass=\"lightbox-trigger\"\n\t\t\ttype=\"button\"\n\t\t\taria-haspopup=\"dialog\"\n\t\t\taria-label=\"Zv\u011bt\u0161it obr\u00e1zek\"\n\t\t\tdata-wp-init=\"callbacks.initTriggerButton\"\n\t\t\tdata-wp-on--click=\"actions.showLightbox\"\n\t\t\tdata-wp-style--right=\"context.imageButtonRight\"\n\t\t\tdata-wp-style--top=\"context.imageButtonTop\"\n\t\t>\n\t\t\t<svg xmlns=\"http:\/\/www.w3.org\/2000\/svg\" width=\"12\" height=\"12\" fill=\"none\" viewBox=\"0 0 12 12\">\n\t\t\t\t<path fill=\"#fff\" d=\"M2 0a2 2 0 0 0-2 2v2h1.5V2a.5.5 0 0 1 .5-.5h2V0H2Zm2 10.5H2a.5.5 0 0 1-.5-.5V8H0v2a2 2 0 0 0 2 2h2v-1.5ZM8 12v-1.5h2a.5.5 0 0 0 .5-.5V8H12v2a2 2 0 0 1-2 2H8Zm2-12a2 2 0 0 1 2 2v2h-1.5V2a.5.5 0 0 0-.5-.5H8V0h2Z\" \/>\n\t\t\t<\/svg>\n\t\t<\/button><figcaption class=\"wp-element-caption\">22-10-2012 \/ Happy Happy 12th Birthday to my wonderful Zara (AKC Int CH Katobi&#8217;s Kryptonite MC). For her &#8218;present&#8216; I took her to Wendy&#8217;s where she enjoyed a kid&#8217;s meal of chicken nuggets, apples and milk. Then onto her favorite place.. THE BEACH.<\/figcaption><\/figure><\/div>\n\n\n<p>&nbsp;&nbsp;&nbsp;&nbsp;&nbsp;Most of our Pharaohs are excellent lure coursers and are titled in AKC Lure Coursing with either the JC (Junior Courser) or SC (Senior Courser) title.<\/p>\n\n\n<div class=\"wp-block-image\">\n<figure class=\"aligncenter size-full\"><img loading=\"lazy\" decoding=\"async\" width=\"720\" height=\"668\" src=\"https:\/\/xodogs.com\/wp-content\/uploads\/2024\/04\/image.png\" alt=\"\" class=\"wp-image-101\" srcset=\"https:\/\/xodogs.com\/wp-content\/uploads\/2024\/04\/image.png 720w, https:\/\/xodogs.com\/wp-content\/uploads\/2024\/04\/image-300x278.png 300w\" sizes=\"(max-width: 720px) 100vw, 720px\" \/><\/figure><\/div>\n\n\n<p>&nbsp;&nbsp;&nbsp;&nbsp;&nbsp;XO Dogs has also competed with Pharaohs in obedience in AKC, UKC and Canada, achieving a CD (Companion Dog) and CDX (Companion Dog excellent).&nbsp;<\/p>\n\n\n\n<p>&nbsp;&nbsp;&nbsp;&nbsp;&nbsp;Several of our dogs are also registered therapy dogs and visit nursing homes as part of demonstration and visiting team.&nbsp;<\/p>\n\n\n\n<p>&nbsp;&nbsp;&nbsp;&nbsp;&nbsp;Health is also a prime concern and all of our breeding and non-breeding dogs receive tests and certifications for hips, elbows, patellas, eyes, thyroid, and heart.<\/p>\n\n\n\n<figure class=\"wp-block-gallery has-nested-images columns-default is-cropped wp-block-gallery-1 is-layout-flex wp-block-gallery-is-layout-flex\">\n<figure data-wp-context=\"{&quot;uploadedSrc&quot;:&quot;https:\\\/\\\/xodogs.com\\\/wp-content\\\/uploads\\\/2024\\\/04\\\/1936952_1160249335727_6567098_n.jpg&quot;,&quot;figureClassNames&quot;:&quot;wp-block-image size-large&quot;,&quot;figureStyles&quot;:null,&quot;imgClassNames&quot;:&quot;wp-image-99&quot;,&quot;imgStyles&quot;:null,&quot;targetWidth&quot;:604,&quot;targetHeight&quot;:453,&quot;scaleAttr&quot;:false,&quot;ariaLabel&quot;:&quot;Zv\\u011bt\\u0161it obr\\u00e1zek&quot;,&quot;alt&quot;:&quot;&quot;}\" data-wp-interactive=\"core\/image\" class=\"wp-block-image size-large wp-lightbox-container\"><img loading=\"lazy\" decoding=\"async\" width=\"604\" height=\"453\" data-wp-init=\"callbacks.setButtonStyles\" data-wp-on--click=\"actions.showLightbox\" data-wp-on--load=\"callbacks.setButtonStyles\" data-wp-on-window--resize=\"callbacks.setButtonStyles\" data-id=\"99\" src=\"https:\/\/xodogs.com\/wp-content\/uploads\/2024\/04\/1936952_1160249335727_6567098_n.jpg\" alt=\"\" class=\"wp-image-99\" srcset=\"https:\/\/xodogs.com\/wp-content\/uploads\/2024\/04\/1936952_1160249335727_6567098_n.jpg 604w, https:\/\/xodogs.com\/wp-content\/uploads\/2024\/04\/1936952_1160249335727_6567098_n-300x225.jpg 300w\" sizes=\"(max-width: 604px) 100vw, 604px\" \/><button\n\t\t\tclass=\"lightbox-trigger\"\n\t\t\ttype=\"button\"\n\t\t\taria-haspopup=\"dialog\"\n\t\t\taria-label=\"Zv\u011bt\u0161it obr\u00e1zek\"\n\t\t\tdata-wp-init=\"callbacks.initTriggerButton\"\n\t\t\tdata-wp-on--click=\"actions.showLightbox\"\n\t\t\tdata-wp-style--right=\"context.imageButtonRight\"\n\t\t\tdata-wp-style--top=\"context.imageButtonTop\"\n\t\t>\n\t\t\t<svg xmlns=\"http:\/\/www.w3.org\/2000\/svg\" width=\"12\" height=\"12\" fill=\"none\" viewBox=\"0 0 12 12\">\n\t\t\t\t<path fill=\"#fff\" d=\"M2 0a2 2 0 0 0-2 2v2h1.5V2a.5.5 0 0 1 .5-.5h2V0H2Zm2 10.5H2a.5.5 0 0 1-.5-.5V8H0v2a2 2 0 0 0 2 2h2v-1.5ZM8 12v-1.5h2a.5.5 0 0 0 .5-.5V8H12v2a2 2 0 0 1-2 2H8Zm2-12a2 2 0 0 1 2 2v2h-1.5V2a.5.5 0 0 0-.5-.5H8V0h2Z\" \/>\n\t\t\t<\/svg>\n\t\t<\/button><\/figure>\n\n\n\n<figure data-wp-context=\"{&quot;uploadedSrc&quot;:&quot;https:\\\/\\\/xodogs.com\\\/wp-content\\\/uploads\\\/2024\\\/04\\\/AboutUs2.jpg&quot;,&quot;figureClassNames&quot;:&quot;wp-block-image size-large&quot;,&quot;figureStyles&quot;:null,&quot;imgClassNames&quot;:&quot;wp-image-115&quot;,&quot;imgStyles&quot;:null,&quot;targetWidth&quot;:481,&quot;targetHeight&quot;:334,&quot;scaleAttr&quot;:false,&quot;ariaLabel&quot;:&quot;Zv\\u011bt\\u0161it obr\\u00e1zek&quot;,&quot;alt&quot;:&quot;&quot;}\" data-wp-interactive=\"core\/image\" class=\"wp-block-image size-large wp-lightbox-container\"><img loading=\"lazy\" decoding=\"async\" width=\"481\" height=\"334\" data-wp-init=\"callbacks.setButtonStyles\" data-wp-on--click=\"actions.showLightbox\" data-wp-on--load=\"callbacks.setButtonStyles\" data-wp-on-window--resize=\"callbacks.setButtonStyles\" data-id=\"115\" src=\"https:\/\/xodogs.com\/wp-content\/uploads\/2024\/04\/AboutUs2.jpg\" alt=\"\" class=\"wp-image-115\" srcset=\"https:\/\/xodogs.com\/wp-content\/uploads\/2024\/04\/AboutUs2.jpg 481w, https:\/\/xodogs.com\/wp-content\/uploads\/2024\/04\/AboutUs2-300x208.jpg 300w\" sizes=\"(max-width: 481px) 100vw, 481px\" \/><button\n\t\t\tclass=\"lightbox-trigger\"\n\t\t\ttype=\"button\"\n\t\t\taria-haspopup=\"dialog\"\n\t\t\taria-label=\"Zv\u011bt\u0161it obr\u00e1zek\"\n\t\t\tdata-wp-init=\"callbacks.initTriggerButton\"\n\t\t\tdata-wp-on--click=\"actions.showLightbox\"\n\t\t\tdata-wp-style--right=\"context.imageButtonRight\"\n\t\t\tdata-wp-style--top=\"context.imageButtonTop\"\n\t\t>\n\t\t\t<svg xmlns=\"http:\/\/www.w3.org\/2000\/svg\" width=\"12\" height=\"12\" fill=\"none\" viewBox=\"0 0 12 12\">\n\t\t\t\t<path fill=\"#fff\" d=\"M2 0a2 2 0 0 0-2 2v2h1.5V2a.5.5 0 0 1 .5-.5h2V0H2Zm2 10.5H2a.5.5 0 0 1-.5-.5V8H0v2a2 2 0 0 0 2 2h2v-1.5ZM8 12v-1.5h2a.5.5 0 0 0 .5-.5V8H12v2a2 2 0 0 1-2 2H8Zm2-12a2 2 0 0 1 2 2v2h-1.5V2a.5.5 0 0 0-.5-.5H8V0h2Z\" \/>\n\t\t\t<\/svg>\n\t\t<\/button><\/figure>\n<\/figure>\n\n\n\n<p class=\"has-text-align-right\"><em>Lori Evans<\/em><\/p>\n","protected":false},"excerpt":{"rendered":"<p>XO Dogs is committed to producing the \u2018total dog\u2019.&nbsp; Our Pharaoh Hounds excel in the breed conformation ring, lure coursing, obedience, therapy work, health, and temperament. \u00a0\u00a0\u00a0\u00a0\u00a0Our male,\u00a0Ch Sovrin Superman &#8230;<\/p>\n","protected":false},"author":1,"featured_media":0,"parent":0,"menu_order":0,"comment_status":"closed","ping_status":"closed","template":"template-left-sidebar.php","meta":{"footnotes":""},"_links":{"self":[{"href":"https:\/\/xodogs.com\/index.php\/wp-json\/wp\/v2\/pages\/92"}],"collection":[{"href":"https:\/\/xodogs.com\/index.php\/wp-json\/wp\/v2\/pages"}],"about":[{"href":"https:\/\/xodogs.com\/index.php\/wp-json\/wp\/v2\/types\/page"}],"author":[{"embeddable":true,"href":"https:\/\/xodogs.com\/index.php\/wp-json\/wp\/v2\/users\/1"}],"replies":[{"embeddable":true,"href":"https:\/\/xodogs.com\/index.php\/wp-json\/wp\/v2\/comments?post=92"}],"version-history":[{"count":12,"href":"https:\/\/xodogs.com\/index.php\/wp-json\/wp\/v2\/pages\/92\/revisions"}],"predecessor-version":[{"id":504,"href":"https:\/\/xodogs.com\/index.php\/wp-json\/wp\/v2\/pages\/92\/revisions\/504"}],"wp:attachment":[{"href":"https:\/\/xodogs.com\/index.php\/wp-json\/wp\/v2\/media?parent=92"}],"curies":[{"name":"wp","href":"https:\/\/api.w.org\/{rel}","templated":true}]}}