{"id":17,"date":"2024-04-09T13:24:47","date_gmt":"2024-04-09T11:24:47","guid":{"rendered":"https:\/\/xodogs.com\/?page_id=17"},"modified":"2026-01-03T23:14:25","modified_gmt":"2026-01-03T22:14:25","slug":"welcome-to-xo-dogs","status":"publish","type":"page","link":"https:\/\/xodogs.com\/","title":{"rendered":"Welcome to XO Dogs!"},"content":{"rendered":"\n<p style=\"font-size:26px\"><strong>Welcome to XO Dogs!<\/strong><\/p>\n\n\n\n<blockquote class=\"wp-block-quote is-layout-flow wp-block-quote-is-layout-flow\">\n<p style=\"font-size:16px\">Pharaoh Hounds bred to excel in temperament, health, conformation, coursing <br>and as a loving member of your family.<\/p>\n<\/blockquote>\n\n\n\n<hr class=\"wp-block-separator has-alpha-channel-opacity is-style-wide\"\/>\n\n\n\n<p style=\"font-size:26px\"><strong>News 2026<\/strong> \/ 2025<\/p>\n\n\n\n<p class=\"has-medium-font-size\">2025 was a busy and fun year at XO Dogs<\/p>\n\n\n\n<div class=\"wp-block-media-text has-media-on-the-right is-stacked-on-mobile\"><div class=\"wp-block-media-text__content\">\n<p><strong>GCHG CH XO Sovrin Octopussy \u201cShandy\u201d<\/strong><br>\uf0d8 Completed her GOLD Grand Champion title, making her our first Gold!<br>\uf0d8 Ranked as the #2 AKC Pharaoh Breed, #5 All-Breed for 2024 which qualified her to compete in the Pharaoh Hound Club of America Top 15 VIP event.<\/p>\n\n\n\n<p>A Top 5 Pharaoh Hound as of November 2025 even though she retired in May.<\/p>\n<\/div><figure class=\"wp-block-media-text__media\"><a href=\"https:\/\/xodogs.com\/wp-content\/uploads\/2026\/01\/Shandy-Top-15.jpg\" target=\"_blank\" rel=\"noreferrer noopener\"><img loading=\"lazy\" decoding=\"async\" width=\"1024\" height=\"848\" src=\"https:\/\/xodogs.com\/wp-content\/uploads\/2026\/01\/Shandy-Top-15.jpg\" alt=\"\" class=\"wp-image-576 size-full\" srcset=\"https:\/\/xodogs.com\/wp-content\/uploads\/2026\/01\/Shandy-Top-15.jpg 1024w, https:\/\/xodogs.com\/wp-content\/uploads\/2026\/01\/Shandy-Top-15-300x248.jpg 300w, https:\/\/xodogs.com\/wp-content\/uploads\/2026\/01\/Shandy-Top-15-768x636.jpg 768w\" sizes=\"(max-width: 1024px) 100vw, 1024px\" \/><\/a><\/figure><\/div>\n\n\n\n<div class=\"wp-block-media-text is-stacked-on-mobile\"><figure class=\"wp-block-media-text__media\"><a href=\"https:\/\/xodogs.com\/wp-content\/uploads\/2026\/01\/JaJa-BISW.jpg\" target=\"_blank\" rel=\"noreferrer noopener\"><img loading=\"lazy\" decoding=\"async\" width=\"1024\" height=\"848\" src=\"https:\/\/xodogs.com\/wp-content\/uploads\/2026\/01\/JaJa-BISW.jpg\" alt=\"\" class=\"wp-image-577 size-full\" srcset=\"https:\/\/xodogs.com\/wp-content\/uploads\/2026\/01\/JaJa-BISW.jpg 1024w, https:\/\/xodogs.com\/wp-content\/uploads\/2026\/01\/JaJa-BISW-300x248.jpg 300w, https:\/\/xodogs.com\/wp-content\/uploads\/2026\/01\/JaJa-BISW-768x636.jpg 768w\" sizes=\"(max-width: 1024px) 100vw, 1024px\" \/><\/a><\/figure><div class=\"wp-block-media-text__content\">\n<p><strong>GCHS XO J\u2019Adore Osiris \u201cJaJa\u201d<\/strong><br>\uf0d8 Won the Veteran Sweepstakes in an entry of 14 from the 11 years and over class at the Pharaoh Hound Club of America Eastern Specialty!<\/p>\n<\/div><\/div>\n\n\n\n<div class=\"wp-block-media-text has-media-on-the-right is-stacked-on-mobile\"><div class=\"wp-block-media-text__content\">\n<p><strong>Osiris Shellabrate XO \u201cBeBe\u201d<\/strong><br>\uf0d8 Earned 12 points, including 1 major. Just 1 major needed to finish!<br>\uf0d8 Strutted her stuff on National television after going BOB at the Kennel Club of Philadelphia National Dog show!<\/p>\n<\/div><figure class=\"wp-block-media-text__media\"><a href=\"https:\/\/xodogs.com\/wp-content\/uploads\/2026\/01\/0599A777-F3EC-41CA-8913-3C21560FF381.png\" target=\"_blank\" rel=\"noreferrer noopener\"><img loading=\"lazy\" decoding=\"async\" width=\"984\" height=\"907\" src=\"https:\/\/xodogs.com\/wp-content\/uploads\/2026\/01\/0599A777-F3EC-41CA-8913-3C21560FF381.png\" alt=\"\" class=\"wp-image-578 size-full\" srcset=\"https:\/\/xodogs.com\/wp-content\/uploads\/2026\/01\/0599A777-F3EC-41CA-8913-3C21560FF381.png 984w, https:\/\/xodogs.com\/wp-content\/uploads\/2026\/01\/0599A777-F3EC-41CA-8913-3C21560FF381-300x277.png 300w, https:\/\/xodogs.com\/wp-content\/uploads\/2026\/01\/0599A777-F3EC-41CA-8913-3C21560FF381-768x708.png 768w\" sizes=\"(max-width: 984px) 100vw, 984px\" \/><\/a><\/figure><\/div>\n\n\n\n<div style=\"height:50px\" aria-hidden=\"true\" class=\"wp-block-spacer\"><\/div>\n\n\n\n<hr class=\"wp-block-separator has-alpha-channel-opacity is-style-wide\"\/>\n\n\n\n<div class=\"wp-block-media-text has-media-on-the-right is-stacked-on-mobile\" style=\"grid-template-columns:auto 37%\"><div class=\"wp-block-media-text__content\">\n<p>2024 \/\/ It&#8217;s been a great year for GCHS XO Sovrin Octopussy &#8218;Shandy&#8216; ending as #2 Pharaoh Hound. Thank you Anna Stromberg for piloting her this year. As always, you did an amazing job. Thank you <a href=\"https:\/\/www.facebook.com\/paul.koulogeorge?__cft__[0]=AZXQZ3dGYETlph4biRG0YBqF7SMzlFuPQOGxlqeCBcyB9VovapEXR_pi6FqB0mcAHvGfLCIcu1zH4WION6J6hYXz-dKO4AfcIkpUx22VjRk2dOfrtiWUcnf5vCTR2mPy_JhG6sgawiJrkDN-C19EOT1SHcBUQ12g-_k4xDTuVDJrWA&amp;__tn__=-]K-R\">Paul Koulogeorge<\/a> and <a href=\"https:\/\/www.facebook.com\/eliav.barr?__cft__[0]=AZXQZ3dGYETlph4biRG0YBqF7SMzlFuPQOGxlqeCBcyB9VovapEXR_pi6FqB0mcAHvGfLCIcu1zH4WION6J6hYXz-dKO4AfcIkpUx22VjRk2dOfrtiWUcnf5vCTR2mPy_JhG6sgawiJrkDN-C19EOT1SHcBUQ12g-_k4xDTuVDJrWA&amp;__tn__=-]K-R\">Eliav Barr<\/a> for being part of her team. I could not have done it without you.<\/p>\n<\/div><figure class=\"wp-block-media-text__media\"><a href=\"https:\/\/xodogs.com\/wp-content\/uploads\/2025\/01\/image.png\" target=\"_blank\" rel=\"noreferrer noopener\"><img loading=\"lazy\" decoding=\"async\" width=\"765\" height=\"1024\" src=\"https:\/\/xodogs.com\/wp-content\/uploads\/2025\/01\/image-765x1024.png\" alt=\"\" class=\"wp-image-566 size-full\" srcset=\"https:\/\/xodogs.com\/wp-content\/uploads\/2025\/01\/image-765x1024.png 765w, https:\/\/xodogs.com\/wp-content\/uploads\/2025\/01\/image-224x300.png 224w, https:\/\/xodogs.com\/wp-content\/uploads\/2025\/01\/image-768x1028.png 768w, https:\/\/xodogs.com\/wp-content\/uploads\/2025\/01\/image-1148x1536.png 1148w, https:\/\/xodogs.com\/wp-content\/uploads\/2025\/01\/image.png 1530w\" sizes=\"(max-width: 765px) 100vw, 765px\" \/><\/a><\/figure><\/div>\n\n\n\n<p><\/p>\n\n\n\n<div class=\"wp-block-columns is-layout-flex wp-container-core-columns-is-layout-1 wp-block-columns-is-layout-flex\">\n<div class=\"wp-block-column is-layout-flow wp-block-column-is-layout-flow\" style=\"flex-basis:33.33%\">\n<figure data-wp-context=\"{&quot;uploadedSrc&quot;:&quot;https:\\\/\\\/xodogs.com\\\/wp-content\\\/uploads\\\/2024\\\/04\\\/434487793_10161210283822888_6359680436729709097_n.jpg&quot;,&quot;figureClassNames&quot;:&quot;wp-block-image size-large&quot;,&quot;figureStyles&quot;:null,&quot;imgClassNames&quot;:&quot;wp-image-82&quot;,&quot;imgStyles&quot;:null,&quot;targetWidth&quot;:1468,&quot;targetHeight&quot;:2048,&quot;scaleAttr&quot;:false,&quot;ariaLabel&quot;:&quot;Zv\\u011bt\\u0161it obr\\u00e1zek&quot;,&quot;alt&quot;:&quot;&quot;}\" data-wp-interactive=\"core\/image\" class=\"wp-block-image size-large wp-lightbox-container\"><img loading=\"lazy\" decoding=\"async\" width=\"734\" height=\"1024\" data-wp-init=\"callbacks.setButtonStyles\" data-wp-on--click=\"actions.showLightbox\" data-wp-on--load=\"callbacks.setButtonStyles\" data-wp-on-window--resize=\"callbacks.setButtonStyles\" src=\"https:\/\/xodogs.com\/wp-content\/uploads\/2024\/04\/434487793_10161210283822888_6359680436729709097_n-734x1024.jpg\" alt=\"\" class=\"wp-image-82\" srcset=\"https:\/\/xodogs.com\/wp-content\/uploads\/2024\/04\/434487793_10161210283822888_6359680436729709097_n-734x1024.jpg 734w, https:\/\/xodogs.com\/wp-content\/uploads\/2024\/04\/434487793_10161210283822888_6359680436729709097_n-215x300.jpg 215w, https:\/\/xodogs.com\/wp-content\/uploads\/2024\/04\/434487793_10161210283822888_6359680436729709097_n-768x1071.jpg 768w, https:\/\/xodogs.com\/wp-content\/uploads\/2024\/04\/434487793_10161210283822888_6359680436729709097_n-1101x1536.jpg 1101w, https:\/\/xodogs.com\/wp-content\/uploads\/2024\/04\/434487793_10161210283822888_6359680436729709097_n.jpg 1468w\" sizes=\"(max-width: 734px) 100vw, 734px\" \/><button\n\t\t\tclass=\"lightbox-trigger\"\n\t\t\ttype=\"button\"\n\t\t\taria-haspopup=\"dialog\"\n\t\t\taria-label=\"Zv\u011bt\u0161it obr\u00e1zek\"\n\t\t\tdata-wp-init=\"callbacks.initTriggerButton\"\n\t\t\tdata-wp-on--click=\"actions.showLightbox\"\n\t\t\tdata-wp-style--right=\"context.imageButtonRight\"\n\t\t\tdata-wp-style--top=\"context.imageButtonTop\"\n\t\t>\n\t\t\t<svg xmlns=\"http:\/\/www.w3.org\/2000\/svg\" width=\"12\" height=\"12\" fill=\"none\" viewBox=\"0 0 12 12\">\n\t\t\t\t<path fill=\"#fff\" d=\"M2 0a2 2 0 0 0-2 2v2h1.5V2a.5.5 0 0 1 .5-.5h2V0H2Zm2 10.5H2a.5.5 0 0 1-.5-.5V8H0v2a2 2 0 0 0 2 2h2v-1.5ZM8 12v-1.5h2a.5.5 0 0 0 .5-.5V8H12v2a2 2 0 0 1-2 2H8Zm2-12a2 2 0 0 1 2 2v2h-1.5V2a.5.5 0 0 0-.5-.5H8V0h2Z\" \/>\n\t\t\t<\/svg>\n\t\t<\/button><\/figure>\n<\/div>\n\n\n\n<div class=\"wp-block-column is-layout-flow wp-block-column-is-layout-flow\" style=\"flex-basis:66.66%\">\n<p>28-03-2024<\/p>\n\n\n\n<p>Lawrenceville GA!<br>\u201cShandy\u201d represented with <strong>BOB<\/strong> under Erik Liebes and <strong>Group 4<\/strong> in a beautiful North Georgia Hound Association group under Lisa Costello!<\/p>\n\n\n\n<p><a href=\"https:\/\/pharaohhound.breedarchive.com\/animal\/view\/xo-sovrin-octopussy-bb7bcb27-3957-4279-8589-51aabc66434f\" target=\"_blank\" rel=\"noreferrer noopener\">GCHS XO SOVRIN OCTOPUSSY<\/a><\/p>\n\n\n\n<p>Bred by&nbsp;Lori Evans, Brittany Carella, Kathy Carella,&nbsp;Nancy Soverbutts.<br>And owned by Lori, Brittany Kathy and&nbsp;Paul Koulogeorge&nbsp;and&nbsp;Eliav Barr!<\/p>\n\n\n\n<p>Photo&nbsp;Sarah Murphy<\/p>\n<\/div>\n<\/div>\n\n\n\n<div class=\"wp-block-columns is-layout-flex wp-container-core-columns-is-layout-2 wp-block-columns-is-layout-flex\">\n<div class=\"wp-block-column is-layout-flow wp-block-column-is-layout-flow\" style=\"flex-basis:33.33%\">\n<figure data-wp-context=\"{&quot;uploadedSrc&quot;:&quot;https:\\\/\\\/xodogs.com\\\/wp-content\\\/uploads\\\/2024\\\/04\\\/432473503_10225362348589085_7532242679165547686_n.jpg&quot;,&quot;figureClassNames&quot;:&quot;wp-block-image size-large&quot;,&quot;figureStyles&quot;:null,&quot;imgClassNames&quot;:&quot;wp-image-86&quot;,&quot;imgStyles&quot;:null,&quot;targetWidth&quot;:1536,&quot;targetHeight&quot;:2048,&quot;scaleAttr&quot;:false,&quot;ariaLabel&quot;:&quot;Zv\\u011bt\\u0161it obr\\u00e1zek&quot;,&quot;alt&quot;:&quot;&quot;}\" data-wp-interactive=\"core\/image\" class=\"wp-block-image size-large wp-lightbox-container\"><img loading=\"lazy\" decoding=\"async\" width=\"768\" height=\"1024\" data-wp-init=\"callbacks.setButtonStyles\" data-wp-on--click=\"actions.showLightbox\" data-wp-on--load=\"callbacks.setButtonStyles\" data-wp-on-window--resize=\"callbacks.setButtonStyles\" src=\"https:\/\/xodogs.com\/wp-content\/uploads\/2024\/04\/432473503_10225362348589085_7532242679165547686_n-768x1024.jpg\" alt=\"\" class=\"wp-image-86\" srcset=\"https:\/\/xodogs.com\/wp-content\/uploads\/2024\/04\/432473503_10225362348589085_7532242679165547686_n-768x1024.jpg 768w, https:\/\/xodogs.com\/wp-content\/uploads\/2024\/04\/432473503_10225362348589085_7532242679165547686_n-225x300.jpg 225w, https:\/\/xodogs.com\/wp-content\/uploads\/2024\/04\/432473503_10225362348589085_7532242679165547686_n-1152x1536.jpg 1152w, https:\/\/xodogs.com\/wp-content\/uploads\/2024\/04\/432473503_10225362348589085_7532242679165547686_n.jpg 1536w\" sizes=\"(max-width: 768px) 100vw, 768px\" \/><button\n\t\t\tclass=\"lightbox-trigger\"\n\t\t\ttype=\"button\"\n\t\t\taria-haspopup=\"dialog\"\n\t\t\taria-label=\"Zv\u011bt\u0161it obr\u00e1zek\"\n\t\t\tdata-wp-init=\"callbacks.initTriggerButton\"\n\t\t\tdata-wp-on--click=\"actions.showLightbox\"\n\t\t\tdata-wp-style--right=\"context.imageButtonRight\"\n\t\t\tdata-wp-style--top=\"context.imageButtonTop\"\n\t\t>\n\t\t\t<svg xmlns=\"http:\/\/www.w3.org\/2000\/svg\" width=\"12\" height=\"12\" fill=\"none\" viewBox=\"0 0 12 12\">\n\t\t\t\t<path fill=\"#fff\" d=\"M2 0a2 2 0 0 0-2 2v2h1.5V2a.5.5 0 0 1 .5-.5h2V0H2Zm2 10.5H2a.5.5 0 0 1-.5-.5V8H0v2a2 2 0 0 0 2 2h2v-1.5ZM8 12v-1.5h2a.5.5 0 0 0 .5-.5V8H12v2a2 2 0 0 1-2 2H8Zm2-12a2 2 0 0 1 2 2v2h-1.5V2a.5.5 0 0 0-.5-.5H8V0h2Z\" \/>\n\t\t\t<\/svg>\n\t\t<\/button><\/figure>\n<\/div>\n\n\n\n<div class=\"wp-block-column is-layout-flow wp-block-column-is-layout-flow\" style=\"flex-basis:66.66%\">\n<p>17-03-2024<\/p>\n\n\n\n<p>We are ending our time in Louisville with another fantastic day! <\/p>\n\n\n\n<p>Shandy the Pharah was <strong>Best of Breed<\/strong> under Mr Tatro! Thank you Trina Matteson for covering Shandy in the group for me!<\/p>\n\n\n\n<p><a href=\"https:\/\/pharaohhound.breedarchive.com\/animal\/view\/xo-sovrin-octopussy-bb7bcb27-3957-4279-8589-51aabc66434f\"><\/a><a href=\"https:\/\/pharaohhound.breedarchive.com\/animal\/view\/xo-sovrin-octopussy-bb7bcb27-3957-4279-8589-51aabc66434f\" target=\"_blank\" rel=\"noreferrer noopener\">GCHS XO SOVRIN OCTOPUSSY<\/a><\/p>\n\n\n\n<p><\/p>\n<\/div>\n<\/div>\n","protected":false},"excerpt":{"rendered":"<p>Welcome to XO Dogs! Pharaoh Hounds bred to excel in temperament, health, conformation, coursing and as a loving member of your family. News 2026 \/ 2025 2025 was a busy &#8230;<\/p>\n","protected":false},"author":1,"featured_media":0,"parent":0,"menu_order":0,"comment_status":"closed","ping_status":"closed","template":"template-left-sidebar.php","meta":{"footnotes":""},"_links":{"self":[{"href":"https:\/\/xodogs.com\/index.php\/wp-json\/wp\/v2\/pages\/17"}],"collection":[{"href":"https:\/\/xodogs.com\/index.php\/wp-json\/wp\/v2\/pages"}],"about":[{"href":"https:\/\/xodogs.com\/index.php\/wp-json\/wp\/v2\/types\/page"}],"author":[{"embeddable":true,"href":"https:\/\/xodogs.com\/index.php\/wp-json\/wp\/v2\/users\/1"}],"replies":[{"embeddable":true,"href":"https:\/\/xodogs.com\/index.php\/wp-json\/wp\/v2\/comments?post=17"}],"version-history":[{"count":34,"href":"https:\/\/xodogs.com\/index.php\/wp-json\/wp\/v2\/pages\/17\/revisions"}],"predecessor-version":[{"id":581,"href":"https:\/\/xodogs.com\/index.php\/wp-json\/wp\/v2\/pages\/17\/revisions\/581"}],"wp:attachment":[{"href":"https:\/\/xodogs.com\/index.php\/wp-json\/wp\/v2\/media?parent=17"}],"curies":[{"name":"wp","href":"https:\/\/api.w.org\/{rel}","templated":true}]}}