{"id":159,"date":"2024-04-12T18:22:07","date_gmt":"2024-04-12T16:22:07","guid":{"rendered":"https:\/\/xodogs.com\/?page_id=159"},"modified":"2024-04-12T21:30:49","modified_gmt":"2024-04-12T19:30:49","slug":"our-pharaohs","status":"publish","type":"page","link":"https:\/\/xodogs.com\/index.php\/our-pharaohs\/","title":{"rendered":"Our Pharaohs"},"content":{"rendered":"\n<p><strong>Living with us, or currrently co-owned<\/strong><\/p>\n\n\n\n<div class=\"wp-block-columns is-layout-flex wp-container-core-columns-is-layout-1 wp-block-columns-is-layout-flex\">\n<div class=\"wp-block-column is-layout-flow wp-block-column-is-layout-flow\" style=\"flex-basis:66.66%\">\n<figure data-wp-context=\"{&quot;uploadedSrc&quot;:&quot;https:\\\/\\\/xodogs.com\\\/wp-content\\\/uploads\\\/2024\\\/04\\\/photo.b6c856cddea74134.jpg&quot;,&quot;figureClassNames&quot;:&quot;wp-block-image size-full&quot;,&quot;figureStyles&quot;:null,&quot;imgClassNames&quot;:&quot;wp-image-170&quot;,&quot;imgStyles&quot;:null,&quot;targetWidth&quot;:958,&quot;targetHeight&quot;:762,&quot;scaleAttr&quot;:false,&quot;ariaLabel&quot;:&quot;Zv\\u011bt\\u0161it obr\\u00e1zek&quot;,&quot;alt&quot;:&quot;&quot;}\" data-wp-interactive=\"core\/image\" class=\"wp-block-image size-full wp-lightbox-container\"><img loading=\"lazy\" decoding=\"async\" width=\"958\" height=\"762\" data-wp-init=\"callbacks.setButtonStyles\" data-wp-on--click=\"actions.showLightbox\" data-wp-on--load=\"callbacks.setButtonStyles\" data-wp-on-window--resize=\"callbacks.setButtonStyles\" src=\"https:\/\/xodogs.com\/wp-content\/uploads\/2024\/04\/photo.b6c856cddea74134.jpg\" alt=\"\" class=\"wp-image-170\" srcset=\"https:\/\/xodogs.com\/wp-content\/uploads\/2024\/04\/photo.b6c856cddea74134.jpg 958w, https:\/\/xodogs.com\/wp-content\/uploads\/2024\/04\/photo.b6c856cddea74134-300x239.jpg 300w, https:\/\/xodogs.com\/wp-content\/uploads\/2024\/04\/photo.b6c856cddea74134-768x611.jpg 768w\" sizes=\"(max-width: 958px) 100vw, 958px\" \/><button\n\t\t\tclass=\"lightbox-trigger\"\n\t\t\ttype=\"button\"\n\t\t\taria-haspopup=\"dialog\"\n\t\t\taria-label=\"Zv\u011bt\u0161it obr\u00e1zek\"\n\t\t\tdata-wp-init=\"callbacks.initTriggerButton\"\n\t\t\tdata-wp-on--click=\"actions.showLightbox\"\n\t\t\tdata-wp-style--right=\"context.imageButtonRight\"\n\t\t\tdata-wp-style--top=\"context.imageButtonTop\"\n\t\t>\n\t\t\t<svg xmlns=\"http:\/\/www.w3.org\/2000\/svg\" width=\"12\" height=\"12\" fill=\"none\" viewBox=\"0 0 12 12\">\n\t\t\t\t<path fill=\"#fff\" d=\"M2 0a2 2 0 0 0-2 2v2h1.5V2a.5.5 0 0 1 .5-.5h2V0H2Zm2 10.5H2a.5.5 0 0 1-.5-.5V8H0v2a2 2 0 0 0 2 2h2v-1.5ZM8 12v-1.5h2a.5.5 0 0 0 .5-.5V8H12v2a2 2 0 0 1-2 2H8Zm2-12a2 2 0 0 1 2 2v2h-1.5V2a.5.5 0 0 0-.5-.5H8V0h2Z\" \/>\n\t\t\t<\/svg>\n\t\t<\/button><\/figure>\n<\/div>\n\n\n\n<div class=\"wp-block-column is-vertically-aligned-center is-layout-flow wp-block-column-is-layout-flow\" style=\"flex-basis:33.33%\">\n<p class=\"has-text-align-center has-black-color has-text-color has-link-color wp-elements-c9ce8ac6211be651188291ef4e1ba045\" style=\"font-size:16px\">CH&nbsp;<strong>Osiris&nbsp;Eretz&nbsp;Siren&nbsp;Song&nbsp;XO<\/strong>, JC<br>&#8222;Calypso&#8220;<\/p>\n\n\n\n<p class=\"has-text-align-center\">Female, DOB: 04-12-2020<br>Sire: ICh, MCh, MW Sovrin Superman, SC, CGC<br>Dam: Ch Osiris Don&#8217;t Trifle With Me XO<br><a href=\"https:\/\/pharaohhound.breedarchive.com\/animal\/view\/osiris-eretz-siren-song-xo-bb11733a-8b31-499e-bc8c-5e63ae643de8\" target=\"_blank\" rel=\"noreferrer noopener\">Pedigree<\/a><\/p>\n\n\n\n<figure data-wp-context=\"{&quot;uploadedSrc&quot;:&quot;https:\\\/\\\/xodogs.com\\\/wp-content\\\/uploads\\\/2024\\\/04\\\/image-14.png&quot;,&quot;figureClassNames&quot;:&quot;wp-block-image size-large&quot;,&quot;figureStyles&quot;:null,&quot;imgClassNames&quot;:&quot;wp-image-162&quot;,&quot;imgStyles&quot;:null,&quot;targetWidth&quot;:1961,&quot;targetHeight&quot;:1538,&quot;scaleAttr&quot;:false,&quot;ariaLabel&quot;:&quot;Zv\\u011bt\\u0161it obr\\u00e1zek&quot;,&quot;alt&quot;:&quot;&quot;}\" data-wp-interactive=\"core\/image\" class=\"wp-block-image size-large wp-lightbox-container\"><img loading=\"lazy\" decoding=\"async\" width=\"1024\" height=\"803\" data-wp-init=\"callbacks.setButtonStyles\" data-wp-on--click=\"actions.showLightbox\" data-wp-on--load=\"callbacks.setButtonStyles\" data-wp-on-window--resize=\"callbacks.setButtonStyles\" src=\"https:\/\/xodogs.com\/wp-content\/uploads\/2024\/04\/image-14-1024x803.png\" alt=\"\" class=\"wp-image-162\" srcset=\"https:\/\/xodogs.com\/wp-content\/uploads\/2024\/04\/image-14-1024x803.png 1024w, https:\/\/xodogs.com\/wp-content\/uploads\/2024\/04\/image-14-300x235.png 300w, https:\/\/xodogs.com\/wp-content\/uploads\/2024\/04\/image-14-768x602.png 768w, https:\/\/xodogs.com\/wp-content\/uploads\/2024\/04\/image-14-1536x1205.png 1536w, https:\/\/xodogs.com\/wp-content\/uploads\/2024\/04\/image-14.png 1961w\" sizes=\"(max-width: 1024px) 100vw, 1024px\" \/><button\n\t\t\tclass=\"lightbox-trigger\"\n\t\t\ttype=\"button\"\n\t\t\taria-haspopup=\"dialog\"\n\t\t\taria-label=\"Zv\u011bt\u0161it obr\u00e1zek\"\n\t\t\tdata-wp-init=\"callbacks.initTriggerButton\"\n\t\t\tdata-wp-on--click=\"actions.showLightbox\"\n\t\t\tdata-wp-style--right=\"context.imageButtonRight\"\n\t\t\tdata-wp-style--top=\"context.imageButtonTop\"\n\t\t>\n\t\t\t<svg xmlns=\"http:\/\/www.w3.org\/2000\/svg\" width=\"12\" height=\"12\" fill=\"none\" viewBox=\"0 0 12 12\">\n\t\t\t\t<path fill=\"#fff\" d=\"M2 0a2 2 0 0 0-2 2v2h1.5V2a.5.5 0 0 1 .5-.5h2V0H2Zm2 10.5H2a.5.5 0 0 1-.5-.5V8H0v2a2 2 0 0 0 2 2h2v-1.5ZM8 12v-1.5h2a.5.5 0 0 0 .5-.5V8H12v2a2 2 0 0 1-2 2H8Zm2-12a2 2 0 0 1 2 2v2h-1.5V2a.5.5 0 0 0-.5-.5H8V0h2Z\" \/>\n\t\t\t<\/svg>\n\t\t<\/button><\/figure>\n<\/div>\n<\/div>\n\n\n\n<hr class=\"wp-block-separator has-alpha-channel-opacity is-style-wide\"\/>\n\n\n\n<div class=\"wp-block-columns is-layout-flex wp-container-core-columns-is-layout-2 wp-block-columns-is-layout-flex\">\n<div class=\"wp-block-column is-layout-flow wp-block-column-is-layout-flow\" style=\"flex-basis:66.66%\">\n<figure data-wp-context=\"{&quot;uploadedSrc&quot;:&quot;https:\\\/\\\/xodogs.com\\\/wp-content\\\/uploads\\\/2024\\\/04\\\/image-16.png&quot;,&quot;figureClassNames&quot;:&quot;wp-block-image size-large&quot;,&quot;figureStyles&quot;:null,&quot;imgClassNames&quot;:&quot;wp-image-184&quot;,&quot;imgStyles&quot;:null,&quot;targetWidth&quot;:1083,&quot;targetHeight&quot;:803,&quot;scaleAttr&quot;:false,&quot;ariaLabel&quot;:&quot;Zv\\u011bt\\u0161it obr\\u00e1zek&quot;,&quot;alt&quot;:&quot;&quot;}\" data-wp-interactive=\"core\/image\" class=\"wp-block-image size-large wp-lightbox-container\"><img loading=\"lazy\" decoding=\"async\" width=\"1024\" height=\"759\" data-wp-init=\"callbacks.setButtonStyles\" data-wp-on--click=\"actions.showLightbox\" data-wp-on--load=\"callbacks.setButtonStyles\" data-wp-on-window--resize=\"callbacks.setButtonStyles\" src=\"https:\/\/xodogs.com\/wp-content\/uploads\/2024\/04\/image-16-1024x759.png\" alt=\"\" class=\"wp-image-184\" srcset=\"https:\/\/xodogs.com\/wp-content\/uploads\/2024\/04\/image-16-1024x759.png 1024w, https:\/\/xodogs.com\/wp-content\/uploads\/2024\/04\/image-16-300x222.png 300w, https:\/\/xodogs.com\/wp-content\/uploads\/2024\/04\/image-16-768x569.png 768w, https:\/\/xodogs.com\/wp-content\/uploads\/2024\/04\/image-16.png 1083w\" sizes=\"(max-width: 1024px) 100vw, 1024px\" \/><button\n\t\t\tclass=\"lightbox-trigger\"\n\t\t\ttype=\"button\"\n\t\t\taria-haspopup=\"dialog\"\n\t\t\taria-label=\"Zv\u011bt\u0161it obr\u00e1zek\"\n\t\t\tdata-wp-init=\"callbacks.initTriggerButton\"\n\t\t\tdata-wp-on--click=\"actions.showLightbox\"\n\t\t\tdata-wp-style--right=\"context.imageButtonRight\"\n\t\t\tdata-wp-style--top=\"context.imageButtonTop\"\n\t\t>\n\t\t\t<svg xmlns=\"http:\/\/www.w3.org\/2000\/svg\" width=\"12\" height=\"12\" fill=\"none\" viewBox=\"0 0 12 12\">\n\t\t\t\t<path fill=\"#fff\" d=\"M2 0a2 2 0 0 0-2 2v2h1.5V2a.5.5 0 0 1 .5-.5h2V0H2Zm2 10.5H2a.5.5 0 0 1-.5-.5V8H0v2a2 2 0 0 0 2 2h2v-1.5ZM8 12v-1.5h2a.5.5 0 0 0 .5-.5V8H12v2a2 2 0 0 1-2 2H8Zm2-12a2 2 0 0 1 2 2v2h-1.5V2a.5.5 0 0 0-.5-.5H8V0h2Z\" \/>\n\t\t\t<\/svg>\n\t\t<\/button><\/figure>\n<\/div>\n\n\n\n<div class=\"wp-block-column is-layout-flow wp-block-column-is-layout-flow\" style=\"flex-basis:33.33%\">\n<p class=\"has-text-align-center has-black-color has-text-color has-link-color wp-elements-839304e0dc38b503c4e50908e7ba05db\" style=\"font-size:16px\">GCHS <strong>XO Sovrin Octopussy<\/strong>, MC<br>&#8222;Shandy&#8220;<\/p>\n\n\n\n<p class=\"has-text-align-center\">Female, DOB: 13-04-2019<br>Sire: Ch Sovrin Hallam Broadsword On Reedly Road<br>Dam: Ch Osiris Don&#8217;t Worry Baby Xo<br><a href=\"https:\/\/pharaohhound.breedarchive.com\/animal\/view\/xo-sovrin-octopussy-bb7bcb27-3957-4279-8589-51aabc66434f\" target=\"_blank\" rel=\"noreferrer noopener\">Pedigree<\/a><\/p>\n\n\n\n<figure data-wp-context=\"{&quot;uploadedSrc&quot;:&quot;https:\\\/\\\/xodogs.com\\\/wp-content\\\/uploads\\\/2024\\\/04\\\/image-19.png&quot;,&quot;figureClassNames&quot;:&quot;wp-block-image size-large&quot;,&quot;figureStyles&quot;:null,&quot;imgClassNames&quot;:&quot;wp-image-204&quot;,&quot;imgStyles&quot;:null,&quot;targetWidth&quot;:1536,&quot;targetHeight&quot;:1724,&quot;scaleAttr&quot;:false,&quot;ariaLabel&quot;:&quot;Zv\\u011bt\\u0161it obr\\u00e1zek&quot;,&quot;alt&quot;:&quot;&quot;}\" data-wp-interactive=\"core\/image\" class=\"wp-block-image size-large wp-lightbox-container\"><img loading=\"lazy\" decoding=\"async\" width=\"912\" height=\"1024\" data-wp-init=\"callbacks.setButtonStyles\" data-wp-on--click=\"actions.showLightbox\" data-wp-on--load=\"callbacks.setButtonStyles\" data-wp-on-window--resize=\"callbacks.setButtonStyles\" src=\"https:\/\/xodogs.com\/wp-content\/uploads\/2024\/04\/image-19-912x1024.png\" alt=\"\" class=\"wp-image-204\" srcset=\"https:\/\/xodogs.com\/wp-content\/uploads\/2024\/04\/image-19-912x1024.png 912w, https:\/\/xodogs.com\/wp-content\/uploads\/2024\/04\/image-19-267x300.png 267w, https:\/\/xodogs.com\/wp-content\/uploads\/2024\/04\/image-19-768x862.png 768w, https:\/\/xodogs.com\/wp-content\/uploads\/2024\/04\/image-19-1369x1536.png 1369w, https:\/\/xodogs.com\/wp-content\/uploads\/2024\/04\/image-19.png 1536w\" sizes=\"(max-width: 912px) 100vw, 912px\" \/><button\n\t\t\tclass=\"lightbox-trigger\"\n\t\t\ttype=\"button\"\n\t\t\taria-haspopup=\"dialog\"\n\t\t\taria-label=\"Zv\u011bt\u0161it obr\u00e1zek\"\n\t\t\tdata-wp-init=\"callbacks.initTriggerButton\"\n\t\t\tdata-wp-on--click=\"actions.showLightbox\"\n\t\t\tdata-wp-style--right=\"context.imageButtonRight\"\n\t\t\tdata-wp-style--top=\"context.imageButtonTop\"\n\t\t>\n\t\t\t<svg xmlns=\"http:\/\/www.w3.org\/2000\/svg\" width=\"12\" height=\"12\" fill=\"none\" viewBox=\"0 0 12 12\">\n\t\t\t\t<path fill=\"#fff\" d=\"M2 0a2 2 0 0 0-2 2v2h1.5V2a.5.5 0 0 1 .5-.5h2V0H2Zm2 10.5H2a.5.5 0 0 1-.5-.5V8H0v2a2 2 0 0 0 2 2h2v-1.5ZM8 12v-1.5h2a.5.5 0 0 0 .5-.5V8H12v2a2 2 0 0 1-2 2H8Zm2-12a2 2 0 0 1 2 2v2h-1.5V2a.5.5 0 0 0-.5-.5H8V0h2Z\" \/>\n\t\t\t<\/svg>\n\t\t<\/button><\/figure>\n<\/div>\n<\/div>\n\n\n\n<hr class=\"wp-block-separator has-alpha-channel-opacity is-style-wide\"\/>\n\n\n\n<div class=\"wp-block-columns is-layout-flex wp-container-core-columns-is-layout-3 wp-block-columns-is-layout-flex\">\n<div class=\"wp-block-column is-layout-flow wp-block-column-is-layout-flow\" style=\"flex-basis:66.66%\">\n<figure data-wp-context=\"{&quot;uploadedSrc&quot;:&quot;https:\\\/\\\/xodogs.com\\\/wp-content\\\/uploads\\\/2024\\\/04\\\/image-17.png&quot;,&quot;figureClassNames&quot;:&quot;wp-block-image size-large&quot;,&quot;figureStyles&quot;:null,&quot;imgClassNames&quot;:&quot;wp-image-197&quot;,&quot;imgStyles&quot;:null,&quot;targetWidth&quot;:1033,&quot;targetHeight&quot;:843,&quot;scaleAttr&quot;:false,&quot;ariaLabel&quot;:&quot;Zv\\u011bt\\u0161it obr\\u00e1zek&quot;,&quot;alt&quot;:&quot;&quot;}\" data-wp-interactive=\"core\/image\" class=\"wp-block-image size-large wp-lightbox-container\"><img loading=\"lazy\" decoding=\"async\" width=\"1024\" height=\"836\" data-wp-init=\"callbacks.setButtonStyles\" data-wp-on--click=\"actions.showLightbox\" data-wp-on--load=\"callbacks.setButtonStyles\" data-wp-on-window--resize=\"callbacks.setButtonStyles\" src=\"https:\/\/xodogs.com\/wp-content\/uploads\/2024\/04\/image-17-1024x836.png\" alt=\"\" class=\"wp-image-197\" srcset=\"https:\/\/xodogs.com\/wp-content\/uploads\/2024\/04\/image-17-1024x836.png 1024w, https:\/\/xodogs.com\/wp-content\/uploads\/2024\/04\/image-17-300x245.png 300w, https:\/\/xodogs.com\/wp-content\/uploads\/2024\/04\/image-17-768x627.png 768w, https:\/\/xodogs.com\/wp-content\/uploads\/2024\/04\/image-17.png 1033w\" sizes=\"(max-width: 1024px) 100vw, 1024px\" \/><button\n\t\t\tclass=\"lightbox-trigger\"\n\t\t\ttype=\"button\"\n\t\t\taria-haspopup=\"dialog\"\n\t\t\taria-label=\"Zv\u011bt\u0161it obr\u00e1zek\"\n\t\t\tdata-wp-init=\"callbacks.initTriggerButton\"\n\t\t\tdata-wp-on--click=\"actions.showLightbox\"\n\t\t\tdata-wp-style--right=\"context.imageButtonRight\"\n\t\t\tdata-wp-style--top=\"context.imageButtonTop\"\n\t\t>\n\t\t\t<svg xmlns=\"http:\/\/www.w3.org\/2000\/svg\" width=\"12\" height=\"12\" fill=\"none\" viewBox=\"0 0 12 12\">\n\t\t\t\t<path fill=\"#fff\" d=\"M2 0a2 2 0 0 0-2 2v2h1.5V2a.5.5 0 0 1 .5-.5h2V0H2Zm2 10.5H2a.5.5 0 0 1-.5-.5V8H0v2a2 2 0 0 0 2 2h2v-1.5ZM8 12v-1.5h2a.5.5 0 0 0 .5-.5V8H12v2a2 2 0 0 1-2 2H8Zm2-12a2 2 0 0 1 2 2v2h-1.5V2a.5.5 0 0 0-.5-.5H8V0h2Z\" \/>\n\t\t\t<\/svg>\n\t\t<\/button><\/figure>\n<\/div>\n\n\n\n<div class=\"wp-block-column is-vertically-aligned-center is-layout-flow wp-block-column-is-layout-flow\" style=\"flex-basis:33.33%\">\n<p class=\"has-text-align-center has-black-color has-text-color has-link-color wp-elements-fee1a90bbb16e6829cc61a488089d0a7\" style=\"font-size:16px\">Ch <strong>Osiris Kinky Boots Xo<\/strong><br>&#8222;Kinky&#8220;<\/p>\n\n\n\n<p class=\"has-text-align-center\">Female, DOB: 17-06-2017<br>Sire: Ch, BIS Osiris Playboy Xo II<br>Dam: Ch Osiris Blonde Bombshell<br><a href=\"https:\/\/pharaohhound.breedarchive.com\/animal\/view\/osiris-kinky-boots-xo-c05f8276-06a7-474d-ac7e-0cb60897a6b9\" target=\"_blank\" rel=\"noreferrer noopener\">Pedigree<\/a><\/p>\n\n\n\n<figure data-wp-context=\"{&quot;uploadedSrc&quot;:&quot;https:\\\/\\\/xodogs.com\\\/wp-content\\\/uploads\\\/2024\\\/04\\\/image-18.png&quot;,&quot;figureClassNames&quot;:&quot;wp-block-image size-full&quot;,&quot;figureStyles&quot;:null,&quot;imgClassNames&quot;:&quot;wp-image-200&quot;,&quot;imgStyles&quot;:null,&quot;targetWidth&quot;:768,&quot;targetHeight&quot;:746,&quot;scaleAttr&quot;:false,&quot;ariaLabel&quot;:&quot;Zv\\u011bt\\u0161it obr\\u00e1zek&quot;,&quot;alt&quot;:&quot;&quot;}\" data-wp-interactive=\"core\/image\" class=\"wp-block-image size-full wp-lightbox-container\"><img loading=\"lazy\" decoding=\"async\" width=\"768\" height=\"746\" data-wp-init=\"callbacks.setButtonStyles\" data-wp-on--click=\"actions.showLightbox\" data-wp-on--load=\"callbacks.setButtonStyles\" data-wp-on-window--resize=\"callbacks.setButtonStyles\" src=\"https:\/\/xodogs.com\/wp-content\/uploads\/2024\/04\/image-18.png\" alt=\"\" class=\"wp-image-200\" srcset=\"https:\/\/xodogs.com\/wp-content\/uploads\/2024\/04\/image-18.png 768w, https:\/\/xodogs.com\/wp-content\/uploads\/2024\/04\/image-18-300x291.png 300w\" sizes=\"(max-width: 768px) 100vw, 768px\" \/><button\n\t\t\tclass=\"lightbox-trigger\"\n\t\t\ttype=\"button\"\n\t\t\taria-haspopup=\"dialog\"\n\t\t\taria-label=\"Zv\u011bt\u0161it obr\u00e1zek\"\n\t\t\tdata-wp-init=\"callbacks.initTriggerButton\"\n\t\t\tdata-wp-on--click=\"actions.showLightbox\"\n\t\t\tdata-wp-style--right=\"context.imageButtonRight\"\n\t\t\tdata-wp-style--top=\"context.imageButtonTop\"\n\t\t>\n\t\t\t<svg xmlns=\"http:\/\/www.w3.org\/2000\/svg\" width=\"12\" height=\"12\" fill=\"none\" viewBox=\"0 0 12 12\">\n\t\t\t\t<path fill=\"#fff\" d=\"M2 0a2 2 0 0 0-2 2v2h1.5V2a.5.5 0 0 1 .5-.5h2V0H2Zm2 10.5H2a.5.5 0 0 1-.5-.5V8H0v2a2 2 0 0 0 2 2h2v-1.5ZM8 12v-1.5h2a.5.5 0 0 0 .5-.5V8H12v2a2 2 0 0 1-2 2H8Zm2-12a2 2 0 0 1 2 2v2h-1.5V2a.5.5 0 0 0-.5-.5H8V0h2Z\" \/>\n\t\t\t<\/svg>\n\t\t<\/button><\/figure>\n<\/div>\n<\/div>\n","protected":false},"excerpt":{"rendered":"<p>Living with us, or currrently co-owned CH&nbsp;Osiris&nbsp;Eretz&nbsp;Siren&nbsp;Song&nbsp;XO, JC&#8222;Calypso&#8220; Female, DOB: 04-12-2020Sire: ICh, MCh, MW Sovrin Superman, SC, CGCDam: Ch Osiris Don&#8217;t Trifle With Me XOPedigree GCHS XO Sovrin Octopussy, MC&#8222;Shandy&#8220; &#8230;<\/p>\n","protected":false},"author":1,"featured_media":0,"parent":0,"menu_order":0,"comment_status":"closed","ping_status":"closed","template":"template-fullwidth.php","meta":{"footnotes":""},"_links":{"self":[{"href":"https:\/\/xodogs.com\/index.php\/wp-json\/wp\/v2\/pages\/159"}],"collection":[{"href":"https:\/\/xodogs.com\/index.php\/wp-json\/wp\/v2\/pages"}],"about":[{"href":"https:\/\/xodogs.com\/index.php\/wp-json\/wp\/v2\/types\/page"}],"author":[{"embeddable":true,"href":"https:\/\/xodogs.com\/index.php\/wp-json\/wp\/v2\/users\/1"}],"replies":[{"embeddable":true,"href":"https:\/\/xodogs.com\/index.php\/wp-json\/wp\/v2\/comments?post=159"}],"version-history":[{"count":29,"href":"https:\/\/xodogs.com\/index.php\/wp-json\/wp\/v2\/pages\/159\/revisions"}],"predecessor-version":[{"id":213,"href":"https:\/\/xodogs.com\/index.php\/wp-json\/wp\/v2\/pages\/159\/revisions\/213"}],"wp:attachment":[{"href":"https:\/\/xodogs.com\/index.php\/wp-json\/wp\/v2\/media?parent=159"}],"curies":[{"name":"wp","href":"https:\/\/api.w.org\/{rel}","templated":true}]}}